hat are the prime factors of 8959360?
2, 5, 13999
List the prime factors of 9291297.
3, 41, 75539
What are the prime factors of 1176161?
7, 168023
List the prime factors of 123730.
2, 5, 12373
What are the prime factors of 291382?
2, 7, 13, 1601
List the prime factors of 1138384.
2, 13, 421
List the prime factors of 13146089.
11, 43, 27793
What are the prime factors of 4104698?
2, 13, 47, 3359
What are the prime factors of 14466?
2, 3, 2411
List the prime factors of 1226708.
2, 7, 193, 227
What are the prime factors of 19090?
2, 5, 23, 83
List the prime factors of 11047589.
7, 225461
What are the prime factors of 111043?
111043
What are the prime factors of 1371688?
2, 31, 5531
List the prime factors of 157131.
3, 13, 17, 79
What are the prime factors of 1108575?
3, 5, 13, 379
List the prime factors of 12255642.
2, 3, 7, 23, 4229
List the prime factors of 2969492.
2, 17, 43669
List the prime factors of 332936.
2, 41617
List the prime factors of 531397.
139, 3823
List the prime factors of 2028765.
3, 5, 211, 641
List the prime factors of 4203.
3, 467
List the prime factors of 6957212.
2, 1739303
List the prime factors of 294823.
19, 59, 263
What are the prime factors of 15527416?
2, 71, 27337
List the prime factors of 14833596.
2, 3, 37, 33409
What are the prime factors of 14442995?
5, 7, 167, 353
What are the prime factors of 267290?
2, 5, 26729
List the prime factors of 5148676.
2, 13, 99013
What are the prime factors of 4270868?
2, 7, 152531
What are the prime factors of 710003?
7, 101429
List the prime factors of 8065.
5, 1613
What are the prime factors of 5450595?
3, 5, 363373
List the prime factors of 26335.
5, 23, 229
List the prime factors of 4589866.
2, 71, 32323
List the prime factors of 6359145.
3, 5, 13, 32611
What are the prime factors of 5596818?
2, 3, 932803
What are the prime factors of 7768417?
163, 47659
List the prime factors of 454220.
2, 5, 13, 1747
List the prime factors of 1462713.
3, 7, 69653
List the prime factors of 27915576.
2, 3, 13, 131, 683
What are the prime factors of 9810892?
2, 7, 13, 26953
What are the prime factors of 2654341?
29, 91529
List the prime factors of 11677383.
3, 1297487
What are the prime factors of 7079953?
7079953
What are the prime factors of 516163?
516163
What are the prime factors of 240642?
2, 3, 29, 461
What are the prime factors of 547650?
2, 3, 5, 1217
What are the prime factors of 24436134?
2, 3, 452521
What are the prime factors of 1205600?
2, 5, 11, 137
List the prime factors of 218614.
2, 11, 19, 523
List the prime factors of 69362.
2, 79, 439
What are the prime factors of 82240?
2, 5, 257
List the prime factors of 1172456.
2, 17, 37, 233
What are the prime factors of 1465789?
13, 47, 2399
What are the prime factors of 1009336?
2, 71, 1777
What are the prime factors of 801740?
2, 5, 40087
List the prime factors of 559982.
2, 279991
List the prime factors of 11771974.
2, 229, 25703
List the prime factors of 5616740.
2, 5, 280837
What are the prime factors of 4504924?
2, 659, 1709
What are the prime factors of 4821748?
2, 1205437
What are the prime factors of 10569318?
2, 3, 1761553
What are the prime factors of 14781715?
5, 13, 19, 11969
List the prime factors of 554042.
2, 277021
What are the prime factors of 10403251?
10403251
What are the prime factors of 18716?
2, 4679
List the prime factors of 265278.
2, 3, 13, 19, 179
List the prime factors of 378891.
3, 14033
What are the prime factors of 1604827?
7, 229261
List the prime factors of 172746.
2, 3, 7, 457
List the prime factors of 912294.
2, 3, 50683
What are the prime factors of 766336?
2, 5987
List the prime factors of 2233960.
2, 5, 55849
List the prime factors of 4610545.
5, 131, 7039
List the prime factors of 1211850.
2, 3, 5, 2693
What are the prime factors of 4948473?
3, 23, 29, 2473
List the prime factors of 27148.
2, 11, 617
What are the prime factors of 2639225?
5, 229, 461
What are the prime factors of 3033374?
2, 1516687
What are the prime factors of 632335?
5, 11, 11497
What are the prime factors of 192857?
7, 27551
What are the prime factors of 61767?
3, 6863
List the prime factors of 2156396.
2, 11, 49009
List the prime factors of 133453.
113, 1181
What are the prime factors of 323459?
17, 53, 359
What are the prime factors of 16085024?
2, 29, 17333
List the prime factors of 461735.
5, 92347
List the prime factors of 11726325.
3, 5, 13, 19, 211
What are the prime factors of 1941203?
11, 61, 263
What are the prime factors of 981549?
3, 191, 571
What are the prime factors of 506866?
2, 253433
List the prime factors of 1919831.
373, 5147
List the prime factors of 1619015.
5, 323803
What are the prime factors of 1843842?
2, 3, 7, 11, 13, 307
List the prime factors of 5042695.
5, 7, 19, 7583
What are the prime factors of 5946519?
3, 1982173
List the prime factors of 274066.
2, 13, 83, 127
List the prime factors of 2708998.
2, 1354499
What are the prime factors of 4761222?
2, 3, 793537
List the prime factors of 13154511.
3, 4384837
What are the prime factors of 99602?
2, 49801
List the prime factors of 395972.
2, 98993
List the prime factors of 19951526.
2, 7, 163, 1249
What are the prime factors of 16853472?
2, 3, 139, 421
List the prime factors of 713493.
3, 11, 7207
List the prime factors of 683849.
29, 23581
What are the prime factors of 1757376?
2, 3, 113
List the prime factors of 109533.
3, 29, 1259
What are the prime factors of 72758?
2, 7, 5197
What are the prime factors of 704243?
704243
What are the prime factors of 3395098?
2, 7, 197, 1231
What are the prime factors of 167887?
167887
What are the prime factors of 227970?
2, 3, 5, 17, 149
What are the prime factors of 86484?
2, 3, 7207
What are the prime factors of 8494368?
2, 3, 19, 4657
List the prime factors of 100842.
2, 3, 7
What are the prime factors of 1064510?
2, 5, 106451
What are the prime factors of 5467586?
2, 53, 51581
What are the prime factors of 2533536?
2, 3, 19, 463
What are the prime factors of 363730?
2, 5, 36373
What are the prime factors of 794425?
5, 43, 739
List the prime factors of 285700.
2, 5, 2857
What are the prime factors of 9385565?
5, 7, 229, 1171
List the prime factors of 1760418.
2, 3, 11, 17, 523
List the prime factors of 3406407.
3, 1135469
What are the prime factors of 899316?
2, 3, 11, 757
List the prime factors of 424489.
13, 32653
What are the prime factors of 1953398?
2, 976699
What are the prime factors of 10120108?
2, 641, 3947
What are the prime factors of 3325450?
2, 5, 66509
List the prime factors of 6726454.
2, 7, 480461
List the prime factors of 1089366.
2, 3, 47, 3863
List the prime factors of 589598.
2, 294799
What are the prime factors of 1526959?
7, 218137
List the prime factors of 119716.
2, 173
What are the prime factors of 93676?
2, 11, 2129
What are the prime factors of 31442?
2, 79, 199
What are the prime factors of 68366?
2, 34183
What are the prime factors of 3917565?
3, 5, 17, 569
List the prime factors of 134748.
2, 3, 19, 197
List the prime factors of 561538.
2, 280769
What are the prime factors of 1242570?
2, 3, 5, 7, 61, 97
What are the prime factors of 586399?
11, 53309
What are the prime factors of 1035517?
7, 3019
What are the prime factors of 1707112?
2, 11, 19, 1021
What are the prime factors of 817898?
2, 101, 4049
List the prime factors of 390010.
2, 5, 43, 907
List the prime factors of 1761598.
2, 880799
List the prime factors of 6646241.
7, 23, 41281
What are the prime factors of 12076059?
3, 4025353
List the prime factors of 2654797.
229, 11593
List the prime factors of 176699.
176699
List the prime factors of 2071919.
1399, 1481
List the prime factors of 65678.
2, 32839
What are the prime factors of 470875?
5, 3767
List the prime factors of 401199.
3, 133733
What are the prime factors of 247661?
167, 1483
What are the prime factors of 5017549?
179, 28031
What are the prime factors of 519635?
5, 103, 1009
What are the prime factors of 596200?
2, 5, 11, 271
List the prime factors of 19250365.
5, 3850073
List the prime factors of 14231070.
2, 3, 5, 7, 461
What are the prime factors of 448648?
2, 56081
What are the prime factors of 363640?
2, 5, 9091
List the prime factors of 13184535.
3, 5, 7, 13, 743
What are the prime factors of 246306?
2, 3, 41051
What are the prime factors of 1004